{"id":68,"date":"2019-09-27T11:59:22","date_gmt":"2019-09-27T09:59:22","guid":{"rendered":"http:\/\/nasz-los.pl\/?page_id=68"},"modified":"2019-09-27T11:59:22","modified_gmt":"2019-09-27T09:59:22","slug":"turystyka","status":"publish","type":"page","link":"https:\/\/nasz-los.pl\/?page_id=68","title":{"rendered":"Turystyka"},"content":{"rendered":"\n<p>Tutaj b\u0119dzie mo\u017cna przeczyta\u0107 du\u017co ciekawych informacji turystycznych.<\/p>\n","protected":false},"excerpt":{"rendered":"<p>Tutaj b\u0119dzie mo\u017cna przeczyta\u0107 du\u017co ciekawych informacji turystycznych.<\/p>\n<p> <a href=\"https:\/\/nasz-los.pl\/?page_id=68\">Czytaj dalej&#8230;<\/a><\/p>\n","protected":false},"author":1,"featured_media":0,"parent":0,"menu_order":0,"comment_status":"closed","ping_status":"closed","template":"","meta":{"footnotes":""},"_links":{"self":[{"href":"https:\/\/nasz-los.pl\/index.php?rest_route=\/wp\/v2\/pages\/68"}],"collection":[{"href":"https:\/\/nasz-los.pl\/index.php?rest_route=\/wp\/v2\/pages"}],"about":[{"href":"https:\/\/nasz-los.pl\/index.php?rest_route=\/wp\/v2\/types\/page"}],"author":[{"embeddable":true,"href":"https:\/\/nasz-los.pl\/index.php?rest_route=\/wp\/v2\/users\/1"}],"replies":[{"embeddable":true,"href":"https:\/\/nasz-los.pl\/index.php?rest_route=%2Fwp%2Fv2%2Fcomments&post=68"}],"version-history":[{"count":1,"href":"https:\/\/nasz-los.pl\/index.php?rest_route=\/wp\/v2\/pages\/68\/revisions"}],"predecessor-version":[{"id":69,"href":"https:\/\/nasz-los.pl\/index.php?rest_route=\/wp\/v2\/pages\/68\/revisions\/69"}],"wp:attachment":[{"href":"https:\/\/nasz-los.pl\/index.php?rest_route=%2Fwp%2Fv2%2Fmedia&parent=68"}],"curies":[{"name":"wp","href":"https:\/\/api.w.org\/{rel}","templated":true}]}}