{"id":79,"date":"2019-09-30T17:51:41","date_gmt":"2019-09-30T15:51:41","guid":{"rendered":"http:\/\/nasz-los.pl\/?page_id=79"},"modified":"2019-10-07T22:12:19","modified_gmt":"2019-10-07T20:12:19","slug":"kalendarz-mieszkancow-losia","status":"publish","type":"page","link":"https:\/\/nasz-los.pl\/?page_id=79","title":{"rendered":"Kalendarz mieszka\u0144c\u00f3w \u0141osia"},"content":{"rendered":"\n<iframe loading=\"lazy\" src=\"https:\/\/calendar.google.com\/calendar\/embed?height=600&amp;wkst=1&amp;bgcolor=%23ffffff&amp;ctz=Europe%2FWarsaw&amp;showCalendars=1&amp;showTz=0&amp;showTitle=0&amp;src=YWllbXF2bzZiMXZvN2s3OXBzZDdoYTdxZzRAZ3JvdXAuY2FsZW5kYXIuZ29vZ2xlLmNvbQ&amp;color=%237BD148\" style=\"border-width:0; margin: auto; display: block;\" width=\"800\" height=\"600\" frameborder=\"0\" scrolling=\"no\"><\/iframe>\n","protected":false},"excerpt":{"rendered":"<p> <a href=\"https:\/\/nasz-los.pl\/?page_id=79\">Czytaj dalej&#8230;<\/a><\/p>\n","protected":false},"author":1,"featured_media":0,"parent":0,"menu_order":0,"comment_status":"closed","ping_status":"closed","template":"","meta":{"footnotes":""},"_links":{"self":[{"href":"https:\/\/nasz-los.pl\/index.php?rest_route=\/wp\/v2\/pages\/79"}],"collection":[{"href":"https:\/\/nasz-los.pl\/index.php?rest_route=\/wp\/v2\/pages"}],"about":[{"href":"https:\/\/nasz-los.pl\/index.php?rest_route=\/wp\/v2\/types\/page"}],"author":[{"embeddable":true,"href":"https:\/\/nasz-los.pl\/index.php?rest_route=\/wp\/v2\/users\/1"}],"replies":[{"embeddable":true,"href":"https:\/\/nasz-los.pl\/index.php?rest_route=%2Fwp%2Fv2%2Fcomments&post=79"}],"version-history":[{"count":2,"href":"https:\/\/nasz-los.pl\/index.php?rest_route=\/wp\/v2\/pages\/79\/revisions"}],"predecessor-version":[{"id":83,"href":"https:\/\/nasz-los.pl\/index.php?rest_route=\/wp\/v2\/pages\/79\/revisions\/83"}],"wp:attachment":[{"href":"https:\/\/nasz-los.pl\/index.php?rest_route=%2Fwp%2Fv2%2Fmedia&parent=79"}],"curies":[{"name":"wp","href":"https:\/\/api.w.org\/{rel}","templated":true}]}}